?
True
Is 121591 a prime number?
True
Is 274 a composite number?
True
Is 6131 composite?
False
Is 44483 prime?
True
Is 158923 prime?
True
Is 6931 prime?
False
Is 22109 a composite number?
False
Is 407 composite?
True
Is 15017 a composite number?
False
Is 32959 composite?
True
Is 24317 composite?
False
Is 627017 prime?
True
Is 1003 a prime number?
False
Is 70781 a composite number?
True
Is 77223 a prime number?
False
Is 21341 prime?
True
Is 764931 a prime number?
False
Is 9853 a prime number?
False
Is 5773 a prime number?
False
Is 22921 prime?
True
Is 855973 composite?
True
Is 75903 a prime number?
False
Is 69463 prime?
True
Is 144139 a prime number?
True
Is 6899 a prime number?
True
Is 111611 composite?
False
Is 46199 composite?
False
Is 50021 a composite number?
False
Is 540989 composite?
False
Is 6429 a prime number?
False
Is 16339 a composite number?
False
Is 595991 a prime number?
False
Is 9667 prime?
False
Is 9527 a prime number?
False
Is 26669 composite?
False
Is 51137 a prime number?
True
Is 109371 composite?
True
Is 16943 a prime number?
True
Is 5631287 a composite number?
False
Is 33323 a composite number?
True
Is 381091 prime?
False
Is 1921 a composite number?
True
Is 9029 prime?
True
Is 4553 a prime number?
False
Is 2531 a composite number?
False
Is 5471 composite?
False
Is 389891 prime?
True
Is 78293 prime?
False
Is 58303 prime?
False
Is 191 a composite number?
False
Is 2296621 a prime number?
True
Is 5560679 composite?
False
Is 4571 prime?
False
Is 36653 prime?
True
Is 7849 a composite number?
True
Is 2413 a prime number?
False
Is 138394 composite?
True
Is 20323 a prime number?
True
Is 15185 a composite number?
True
Is 834401 a composite number?
True
Is 18169 prime?
True
Is 226147 composite?
True
Is 1007 prime?
False
Is 168719 a composite number?
False
Is 911 a prime number?
True
Is 131357 a composite number?
False
Is 5413 a composite number?
False
Is 24782 a composite number?
True
Is 66841 composite?
False
Is 51703 a prime number?
False
Is 42371 a composite number?
True
Is 7633 composite?
True
Is 220413 prime?
False
Is 247939 composite?
False
Is 11677 a prime number?
True
Is 621553 prime?
False
Is 30749 prime?
False
Is 92029 a prime number?
False
Is 133919 prime?
True
Is 172451 a composite number?
True
Is 122691 composite?
True
Is 12406 a prime number?
False
Is 423971 a composite number?
True
Is 86153 composite?
True
Is 70289 a composite number?
False
Is 113151 composite?
True
Is 14815 composite?
True
Is 19553 a prime number?
True
Is 53857 prime?
True
Is 3958 a composite number?
True
Is 150063 prime?
False
Is 38989 a prime number?
False
Is 34973 a composite number?
True
Is 14621 prime?
True
Is 346667 composite?
False
Is 1182253 prime?
True
Is 10091 prime?
True
Is 330653 composite?
False
Is 6927 a composite number?
True
Is 1937 a prime number?
False
Is 350555 a prime number?
False
Is 251554 a prime number?
False
Is 468023 a prime number?
False
Is 5381 a prime number?
True
Is 1480147 composite?
True
Is 23593 composite?
False
Is 14395 a composite number?
True
Is 126541 a composite number?
False
Is 410617 a prime number?
True
Is 21849 prime?
False
Is 161 composite?
True
Is 103585 composite?
True
Is 6135839 prime?
True
Is 3299 a prime number?
True
Is 7669 a composite number?
False
Is 343763 a prime number?
False
Is 27437 composite?
False
Is 17279 a prime number?
False
Is 9997 a composite number?
True
Is 8654 a prime number?
False
Is 4481 prime?
True
Is 4253 a prime number?
True
Is 40251 a prime number?
False
Is 439631 prime?
True
Is 16619 composite?
False
Is 19273 composite?
False
Is 131237 prime?
False
Is 20422 a prime number?
False
Is 38899 prime?
False
Is 24874 composite?
True
Is 205393 a prime number?
False
Is 13441 prime?
True
Is 16591 a composite number?
True
Is 135301 a prime number?
True
Is 88318 prime?
False
Is 464111 a composite number?
True
Is 41809 a composite number?
False
Is 1118911 composite?
False
Is 9689 a composite number?
False
Is 41341 a composite number?
False
Is 254363 a composite number?
True
Is 17671 composite?
True
Is 422689 a composite number?
False
Is 3863 a composite number?
False
Is 871061 a prime number?
True
Is 87985 a prime number?
False
Is 13523 a composite number?
False
Is 278029 prime?
True
Is 287438 prime?
False
Is 1562179 a composite number?
True
Is 68957 prime?
False
Is 29917 prime?
True
Is 44351 a prime number?
True
Is 368821 a prime number?
False
Is 47599 a composite number?
False
Is 233063 a composite number?
True
Is 2369285 a prime number?
False
Is 450451 prime?
True
Is 48589 a composite number?
False
Is 8501 prime?
True
Is 201715 a prime number?
False
Is 43637 prime?
False
Is 4609 a composite number?
True
Is 46147 a prime number?
True
Is 356693 a prime number?
True
Is 82591 prime?
True
Is 626519 a composite number?
False
Is 608119 prime?
False
Is 18527 prime?
False
Is 173113 a prime number?
False
Is 186215 a prime number?
False
Is 238971 prime?
False
Is 4853 composite?
True
Is 2203 a prime number?
True
Is 12769 composite?
True
Is 13553 prime?
True
Is 255571 a composite number?
False
Is 4751 a prime number?
True
Is 4769 composite?
True
Is 5923 a prime number?
True
Is 761 composite?
False
Is 116579 composite?
False
Is 184291 composite?
False
Is 81547 a composite number?
False
Is 533363 prime?
True
Is 190139 prime?
False
Is 109717 prime?
True
Is 230441 a composite number?
True
Is 9133 a composite number?
False
Is 10589 prime?
True
Is 1703227 a prime number?
True
Is 1308121 prime?
True
Is 22853 a composite number?
False
Is 134 prime?
False
Is 2227 prime?
False
Is 311123 a composite number?
False
Is 275623 prime?
True
Is 100447 a prime number?
True
Is 59429 prime?
False
Is 67593 prime?
False
Is 5834 a prime number?
False
Is 29426 composite?
True
Is 56179 prime?
True
Is 2741 a composite number?
False
Is 39469 prime?
False
Is 92135 a prime number?
False
Is 4861 prime?
True
Is 7801 prime?
False
Is 302999 composite?
False
Is 24877 a composite number?
False
Is 19735 prime?
False
Is 297907 a prime number?
True
Is 28459 composite?
True
Is 3163 a composite number?
False
Is 1939 a composite number?
True
Is 3149 a prime number?
False
Is 56039 a composite number?
False
Is 8633 composite?
True
Is 7493 a composite number?
True
Is 2173 composite?
True
Is 13238 a composite number?
True
Is 208961 a composite number?
False
Is 1837 a prime number?
False
Is 208562 a composite number?
True
Is 8623 prime?
True
Is 2785 a prime number?
False
Is 303049 a prime number?
True
Is 4685 prime?
False
Is 9371 prime?
True
Is 35971 prime?
False
Is 119291 a prime number?
True
Is 21205 prime?
False
Is 6079 a prime number?
True
Is 42519 prime?
False
Is 20171 composite?
True
Is 88391 a prime number?
False
Is 33209 a composite number?
True
Is 1157 prime?
False
Is 545023 a prime number?
True
Is 769 prime?
True
Is 8315 prime?
False
Is 3681141 a composite number?
True
Is 67003 a prime number?
True
Is 43943 prime?
True
Is 2169293 a prime number?
False
Is 22471 composite?
True
Is 98695 a composite number?
True
Is 1577 prime?
False
Is 3349 composite?
True
Is 406457 a composite number?
True
Is 3061 a prime number?
True
Is 189082 prime?
False
Is 81331 composite?
False
Is 62581 a composite number?
False
Is 442139 composite?
False
Is 14923 prime?
True
Is 35653 a prime number?
False
Is 1109347 prime?
True
Is 47939 prime?
True
Is 9829 prime?
True
Is 127871 composite?
True
Is 33067 composite?
True
Is 181777 composite?
False
Is 8501 a prime number?
True
Is 30209 a prime number?
False
Is 1259 prime?
True
Is 14303 a prime number?
True
Is 471997 composite?
False
Is 52267 a prime number?
True
Is 114983 a prime number?
False
Is 25649 a composite number?
True
Is 565883 prime?
False
Is 20122 a composite number?
True
Is 454199 composite?
False
Is 3821 a composite number?
False
Is 112043 prime?
False
Is 92765 a composite number?
True
Is 104623 a prime number?
True
Is 515714 a composite number?
True
Is 1069 a prime number?
True
Is 1724923 a prime number?
True
Is 1787755 prime?
False
Is 1587734 a composite number?
True
Is 34795 composite?
True
Is 315977 prime?
True
Is 10147 prime?
False
Is 461899 prime?
False
Is 52339 composite?
True
Is 69427 prime?
True
Is 249547 composite?
True
Is 450173 a composite number?
True
Is 1931 composite?
False
Is 195979 compos